
What is the hundreds digit of (-11248)/(-2) - (-61 - -59)?
6
Suppose -3*k + 90235 = 30*f - 28*f, -6*f + 12 = 0. What is the ten thousands digit of k?
3
Let i = 205 - 387. What is the hundreds digit of (-7)/(-10)*(-208)/i*1235?
9
Let k = 9 - 43. What is the tens digit of (-85)/k*(-802)/(-5)?
0
Let d = -11104 + 36461. What is the hundreds digit of d?
3
Suppose 3*x - 16 - 9 = -2*i, 0 = -4*i - 2*x + 54. Suppose -7402 = -i*c + 16118. What is the tens digit of c?
8
Suppose -5*m + 0 + 15 = 5*v, 5*v = 20. Let g be m - (-18)/14 - (-23070)/105. Let y = -143 + g. What is the units digit of y?
7
Suppose 4*u + 2052 = 4*v, -2*v + 4*v - 5*u - 1035 = 0. Suppose 4*w - 2*g - 353 - 147 = 0, 3*g = -4*w + v. What is the units digit of w?
6
Let l(b) be the first derivative of -b**4/4 - 26*b**3/3 - 12*b**2 - 56*b - 16. What is the hundreds digit of l(-26)?
5
Let y = 40 - 17. Let a(x) = 4 - y*x + 5 - 2. What is the units digit of a(-3)?
6
Let i(j) = 2*j + 14. Let r be i(-7). Suppose r = -h + 2*p + 5, 0*h + 70 = 5*h - p. Suppose 0 = -11*t + h*t - 420. What is the tens digit of t?
0
Suppose -8*i + 496 = -9*i. Let f = i + 709. What is the units digit of f?
3
Let j be ((-1 + 1)/1)/(-25 + 24). Let z(s) = -s**2 - 10*s + 879. What is the units digit of z(j)?
9
What is the units digit of (85955/10 + 1)/(6/12)?
3
Let x = 122 - 303. Let c = -121 - x. Let r = c - -152. What is the units digit of r?
2
Suppose -81*v = -59*v - 91696. What is the tens digit of v?
6
Let u(n) = -21*n**2 - 2075*n - 164. What is the units digit of u(-86)?
0
What is the thousands digit of (-108)/72 + (35846/4 - -3)?
8
Let n be (-3)/2 + (-4)/(16/(-6)). Suppose -2*x - 3*c + 141 = 2*x, n = -2*x + c + 73. What is the tens digit of x?
3
Let f = -153610 + 217441. What is the ten thousands digit of f?
6
Let z(u) be the first derivative of -u**4/4 - 3*u**3 + 5*u**2 - 9*u - 12. Let n be z(-10). What is the tens digit of ((-114)/n)/((-2)/(-9))?
5
Let s(x) = 407*x**2 + 13*x - 29. Let q be s(2). Suppose 7625 - q = 10*v. What is the hundreds digit of v?
6
Let b = 19520 - -3440. What is the hundreds digit of b?
9
Let q be (-340)/(-14) - 20/70. Suppose 1005 = 29*a - q*a. Let u = a - 120. What is the units digit of u?
1
Suppose -4053*a + 3908*a + 10344735 = 0. What is the hundreds digit of a?
3
Let o = 52 + 95. Let h = 54 - o. What is the units digit of h*(-10)/15 + -3?
9
Suppose -x = 2*x - 2*a - 273, 4*a + 457 = 5*x. Suppose x*b + 738 = 95*b. What is the tens digit of b?
2
What is the thousands digit of (0/2 + 57)/((-349755)/9205 - -38)?
4
Let m be 1/2 - (-25263)/18. Suppose 2*h - 1068 = -3*l, 4*l - 11*h = -7*h + m. What is the units digit of l?
4
Let m(a) = 8*a + 9. Let n(f) = 16*f + 17. Let v(t) = 5*m(t) - 2*n(t). Let h(r) = -8*r - 10. Let q(d) = -6*h(d) - 5*v(d). What is the tens digit of q(10)?
8
Suppose 4*h - 216 + 36 = 0. Suppose -174*p - h = -169*p. Let x(l) = -l**3 - 4*l**2 + 23*l + 7. What is the hundreds digit of x(p)?
2
Suppose i - a = 1, -3*a - 2*a - 5 = 2*i. Suppose 6*s = 101 - 77. Suppose -s*h - 237 = -3*g - i*h, -4*g + 5*h = -315. What is the tens digit of g?
7
Suppose 75*n + 2220 = n. Let i be 2*135*(-1)/(-2). Let p = i + n. What is the hundreds digit of p?
1
Let n be ((-1)/(-5))/(10/25)*0. Let k be (-2 + n)/(0 - (-8)/20). What is the tens digit of (-118)/k*((-42)/(-12) - 1)?
5
Suppose 46*v - 456928 = 14*v. Suppose 0 = -33*q + v + 13705. What is the units digit of q?
8
Suppose -4*q + 8*q - 112427 = 5*b, 0 = 2*q - 4*b - 56206. What is the tens digit of q?
1
Let m(i) = 14*i - 2. Let p be m(5). Let x(o) = 24*o - 4. Let c be x(7). Suppose -3*n = 5*d - 244, -p = -5*d + n + c. What is the units digit of d?
7
Let u(c) = -3*c**3 + c**2 - 7*c + 5. Let m be u(-5). Let p = m - -133. What is the tens digit of p?
7
Let h(u) = -u**3 - 7*u**2 - 13*u + 4. Let j be h(-8). Let k = 721 - j. Let p = 835 - k. What is the units digit of p?
6
Suppose 0 = 4*z + 3*f - 4, -8 = -z + f - 0. Suppose -4*w - z*r + 740 = -r, 0 = -w - r + 185. What is the units digit of w?
5
Let j(z) be the second derivative of 5*z**2 + 1/6*z**4 + 4*z + 0 + 1/6*z**3. What is the hundreds digit of j(7)?
1
Suppose -8 = -2*z - 5*w + 46, -w + 4 = 0. Let h(a) = a**2 - 19*a - 21. Let l be h(z). Let o = l - -63. What is the units digit of o?
8
Let p(o) = -13*o**3 - 6*o**2 + 4*o + 4. Let a(f) = 13*f**3 + 7*f**2 - 5*f - 4. Let n(d) = -3*a(d) - 4*p(d). What is the hundreds digit of n(2)?
1
Let a be (-2)/(0 + 3 + 250/(-80)). Let z be 2*7*16/a. Suppose -1959 + 153 = -z*i. What is the units digit of i?
9
Let h(q) = -2*q**3 - 47*q**2 + 73*q + 2034. What is the ten thousands digit of h(-32)?
1
Let i = -63 + 75. Suppose -4*d - i = d + 4*c, 14 = -2*d + 3*c. What is the tens digit of (-40)/(((-4)/d)/(-4))?
6
Let t(s) = 65432*s**3 - s**2 - 302*s + 303. What is the hundreds digit of t(1)?
4
Let v(y) = 134*y**2 - 24*y - 18. What is the tens digit of v(-6)?
5
Let q be (-23541)/(-21) - 9*-1. Let b = -851 + q. What is the hundreds digit of b?
2
Let y be 2*130/(-25) + 3/(-5). Let w(o) = 9*o**2 + 38*o - 3. What is the units digit of w(y)?
8
Suppose 47*h = 1042763 + 2442741 - 1248915. What is the units digit of h?
7
Suppose 136 = 3*h - 3*k + k, 5*h - 212 = -4*k. Let r be (h/33)/((-8)/(-30)). Suppose 2*z - s = 229, 0 = -2*z + r*s + 217 - 8. What is the hundreds digit of z?
1
Let p = 5672 + -3604. What is the thousands digit of p?
2
Let u = -10 + 18. Let j(l) = 3*l - 120 + 28 + 27 + 31 + 31. What is the tens digit of j(u)?
2
Let d(u) = -u**2 - 6*u + 21. Let i be d(-8). Suppose m = 2*z + 862, -993 = -4*m - i*z + 2520. What is the hundreds digit of m?
8
Let l be 2/(-4)*(-4 + -18). Let s(m) = -m**3 + 14*m**2 - 31*m + 16. What is the units digit of s(l)?
8
Let t be ((-32)/(-8) + -10)*(-448)/6. Let y = -297 + t. What is the hundreds digit of y?
1
Let c(i) be the first derivative of -i**4/4 + 11*i**3/3 + 19*i**2/2 - 31*i - 4. What is the tens digit of c(11)?
7
Suppose 6*i - 6678 = 4*i. Let g(t) = -152*t + 379. Let o be g(-4). Suppose 14*n = i - o. What is the hundreds digit of n?
1
Let c be 52/(-78)*(890/(-4) - 1). Let f = c + 77. What is the tens digit of f?
2
Suppose -2*a + 15 = -3*a + 5*l, -3*a + 5*l - 15 = 0. Suppose -4*k - 16 = -a*k, -3*r + 209 = k. Let y = -14 + r. What is the tens digit of y?
5
Let a(k) = 289*k + 13917. What is the hundreds digit of a(6)?
6
What is the ten thousands digit of (((-13466)/(-5))/((-54)/(-108)))/(3/15)?
2
Let l = 51690 + -35774. What is the units digit of l?
6
Let g be ((-8)/10)/((-58)/290). Suppose -7*s + 2970 = g*s. What is the tens digit of s?
7
Suppose 23*s + 14398 = -0*s. Let f = 760 - s. What is the hundreds digit of f?
3
Let u = -41 + 45. Let j be (u/8)/(4/808). Suppose 5*k = 19 + j. What is the tens digit of k?
2
Let o = 434 + -212. Suppose 2*y - 1242 = -o. What is the units digit of y?
0
Let f = 862 - -10698. What is the tens digit of f?
6
Let i be (39/(-12) + 3)*-4. Suppose s = -10 + i. What is the tens digit of 3/s + (-2 - 813/(-9))?
8
Let m = -3206 + 3208. Let g be (50/4)/(1/8). Suppose m*u + 16 - g = 0. What is the tens digit of u?
4
Let r = -163 + 86. Let s = r + 85. Suppose z - s*z + 700 = 0. What is the tens digit of z?
0
Suppose -f - 5*b = -10, 2*f - 2*b = -0*f + 8. Suppose 5*h - 1185 = f*c, 5*h = 3*c + 740 + 451. What is the units digit of h?
0
Suppose 3*f = 34*y - 31*y + 52380, -5*y = 3*f - 52404. What is the ten thousands digit of f?
1
Suppose -3*c = -j + 251, 0 = -3*c + 3*j - 157 - 92. Let k(q) = q**3 - 14*q**2 + 8*q - 15. Let g be k(14). Let n = c + g. What is the tens digit of n?
1
Let x(i) be the second derivative of i**3/3 + 12*i**2 + 13*i. Let o be x(10). What is the units digit of (-2 - -5) + -4 + o?
3
Suppose 0 = -10*f + 8709 - 679. Let u = f + -242. What is the hundreds digit of u?
5
Let s(d) = d**3 + 29*d**2 + 107*d - 31. What is the hundreds digit of s(-18)?
6
What is the tens digit of (-27)/18 - (-968387)/98?
8
Let b(n) = n**3 + 12*n**2 - 8*n + 14. Let z be -3*(1 - (-5)/(-15)). Let h(t) = 4*t - 3. Let s be h(z). What is the hundreds digit of b(s)?
2
Suppose 15*f + 10*f - 2065768 = -21*f. What is the units digit of f?
8
Let m(h) = 97*h + 580. What is the units digit of m(29)?
3
Suppose 6*a = 535 + 203. Let j = 383 + a. What is the units digit of j?
6
Let p = -35 + 37. Suppose -4*h - 3*m + 680 = -725, -3*m - 707 = 